{"id":139,"date":"2021-05-04T14:04:07","date_gmt":"2021-05-04T14:04:07","guid":{"rendered":"https:\/\/construccionesrocar89.com\/?page_id=139"},"modified":"2023-01-16T17:53:45","modified_gmt":"2023-01-16T17:53:45","slug":"encuentranos","status":"publish","type":"page","link":"https:\/\/construccionesrocar89.com\/index.php\/encuentranos\/","title":{"rendered":"Encu\u00e9ntranos"},"content":{"rendered":"\n<div class=\"wp-block-webfactory-map\"><div class=\"wp-block-webfactory-map\"><iframe loading=\"lazy\" width=\"100%\" height=\"300px\" src=\"https:\/\/www.google.com\/maps\/embed\/v1\/place?q=ronda%20de%20Buenavista%2027%2C%20Toledo&amp;maptype=roadmap&amp;zoom=10&amp;key=AIzaSyAjyDspiPfzEfjRSS5fQzm-3jHFjHxeXB4\" frameborder=\"0\"><\/iframe><\/div><\/div>\n\n\n\n<p class=\"has-text-align-center\" style=\"font-size:28px\"><mark style=\"background-color:rgba(0, 0, 0, 0)\" class=\"has-inline-color has-neve-text-color-color\">Nuestra oficina se encuentra en Toledo en Ronda de Buenavista 27, local 6 M.<\/mark><\/p>\n\n\n\n<div style=\"height:40px\" aria-hidden=\"true\" class=\"wp-block-spacer\"><\/div>\n\n\n\n<p class=\"has-text-align-center has-medium-font-size\">Conoce nuestra oficina en Toledo<\/p>\n\n\n\n<div style=\"height:40px\" aria-hidden=\"true\" class=\"wp-block-spacer\"><\/div>\n\n\n\n<figure class=\"wp-block-gallery has-nested-images columns-default is-cropped wp-block-gallery-1 is-layout-flex wp-block-gallery-is-layout-flex\">\n<figure class=\"wp-block-image size-large\"><a href=\"https:\/\/construccionesrocar89.com\/wp-content\/uploads\/2021\/05\/7ddae841-ff9a-4e5d-ab5a-6a7dd8db9db0-1.jpg\"><img loading=\"lazy\" decoding=\"async\" width=\"320\" height=\"240\" data-id=\"229\" src=\"https:\/\/construccionesrocar89.com\/wp-content\/uploads\/2021\/05\/7ddae841-ff9a-4e5d-ab5a-6a7dd8db9db0-1.jpg\" alt=\"\" class=\"wp-image-229\" srcset=\"https:\/\/construccionesrocar89.com\/wp-content\/uploads\/2021\/05\/7ddae841-ff9a-4e5d-ab5a-6a7dd8db9db0-1.jpg 320w, https:\/\/construccionesrocar89.com\/wp-content\/uploads\/2021\/05\/7ddae841-ff9a-4e5d-ab5a-6a7dd8db9db0-1-300x225.jpg 300w\" sizes=\"auto, (max-width: 320px) 100vw, 320px\" \/><\/a><\/figure>\n\n\n\n<figure class=\"wp-block-image size-large\"><a href=\"https:\/\/construccionesrocar89.com\/wp-content\/uploads\/2021\/05\/cc5a0ae9-c3f5-4985-bea2-a38cb1870517.jpg\"><img loading=\"lazy\" decoding=\"async\" width=\"320\" height=\"240\" data-id=\"230\" src=\"https:\/\/construccionesrocar89.com\/wp-content\/uploads\/2021\/05\/cc5a0ae9-c3f5-4985-bea2-a38cb1870517.jpg\" alt=\"\" class=\"wp-image-230\" srcset=\"https:\/\/construccionesrocar89.com\/wp-content\/uploads\/2021\/05\/cc5a0ae9-c3f5-4985-bea2-a38cb1870517.jpg 320w, https:\/\/construccionesrocar89.com\/wp-content\/uploads\/2021\/05\/cc5a0ae9-c3f5-4985-bea2-a38cb1870517-300x225.jpg 300w\" sizes=\"auto, (max-width: 320px) 100vw, 320px\" \/><\/a><\/figure>\n\n\n\n<figure class=\"wp-block-image size-large\"><a href=\"https:\/\/construccionesrocar89.com\/wp-content\/uploads\/2021\/05\/5a237fb6-839e-4a1e-aaff-44a81a120aa5.jpg\"><img loading=\"lazy\" decoding=\"async\" width=\"1024\" height=\"768\" data-id=\"231\" src=\"https:\/\/construccionesrocar89.com\/wp-content\/uploads\/2021\/05\/5a237fb6-839e-4a1e-aaff-44a81a120aa5-1024x768.jpg\" alt=\"\" class=\"wp-image-231\" srcset=\"https:\/\/construccionesrocar89.com\/wp-content\/uploads\/2021\/05\/5a237fb6-839e-4a1e-aaff-44a81a120aa5-1024x768.jpg 1024w, https:\/\/construccionesrocar89.com\/wp-content\/uploads\/2021\/05\/5a237fb6-839e-4a1e-aaff-44a81a120aa5-300x225.jpg 300w, https:\/\/construccionesrocar89.com\/wp-content\/uploads\/2021\/05\/5a237fb6-839e-4a1e-aaff-44a81a120aa5-768x576.jpg 768w, https:\/\/construccionesrocar89.com\/wp-content\/uploads\/2021\/05\/5a237fb6-839e-4a1e-aaff-44a81a120aa5-1536x1152.jpg 1536w, https:\/\/construccionesrocar89.com\/wp-content\/uploads\/2021\/05\/5a237fb6-839e-4a1e-aaff-44a81a120aa5.jpg 2048w\" sizes=\"auto, (max-width: 1024px) 100vw, 1024px\" \/><\/a><\/figure>\n<\/figure>\n\n\n\n<div style=\"height:40px\" aria-hidden=\"true\" class=\"wp-block-spacer\"><\/div>\n\n\n\n<div class=\"wp-block-columns has-nv-light-bg-background-color has-background is-layout-flex wp-container-core-columns-is-layout-9d6595d7 wp-block-columns-is-layout-flex\">\n<div class=\"wp-block-column is-layout-flow wp-block-column-is-layout-flow\">\n<p class=\"has-text-align-center has-neve-link-hover-color-color has-text-color\"><strong>CONSTRUCCIONES ROCAR 89 S.L.<\/strong><\/p>\n\n\n\n<p class=\"has-text-align-center\">Avenida de Castilla la Mancha N\u00ba 58, 45643, Garciotum, Toledo.<\/p>\n<\/div>\n\n\n\n<div class=\"wp-block-column is-layout-flow wp-block-column-is-layout-flow\">\n<p class=\"has-text-align-center\"><a href=\"https:\/\/construccionesrocar89.com\/\" title=\"Rocar 89\">Rocar 89<\/a><\/p>\n\n\n\n<p class=\"has-text-align-center\"><a href=\"https:\/\/construccionesrocar89.com\/index.php\/empresa-de-rehabilitacion\/\" title=\"Cont\u00e1ctanos\">Cont\u00e1ctanos<\/a><\/p>\n\n\n\n<p class=\"has-text-align-center\"><a href=\"https:\/\/construccionesrocar89.com\/index.php\/encuentranos\/\" title=\"Encu\u00e9ntranos\">Encu\u00e9ntranos<\/a><\/p>\n\n\n\n<p class=\"has-text-align-center\"><a href=\"https:\/\/construccionesrocar89.com\/index.php\/nuestros-trabajos\/\" title=\"Nuestros trabajos\">Nuestros trabajos<\/a><\/p>\n<\/div>\n\n\n\n<div class=\"wp-block-column is-layout-flow wp-block-column-is-layout-flow\">\n<p class=\"has-text-align-center\"><a href=\"https:\/\/construccionesrocar89.com\/index.php\/aviso-legal\/\" title=\"Aviso legal\">Aviso legal<\/a><\/p>\n\n\n\n<p class=\"has-text-align-center\"><a href=\"https:\/\/construccionesrocar89.com\/index.php\/politica-de-privacidad\/\" title=\"Pol\u00edtica de privacidad\">Pol\u00edtica de privacidad<\/a><\/p>\n<\/div>\n<\/div>\n","protected":false},"excerpt":{"rendered":"<p>Nuestra oficina se encuentra en Toledo en Ronda de Buenavista 27, local 6 M. Conoce nuestra oficina en Toledo CONSTRUCCIONES ROCAR 89 S.L. Avenida de Castilla la Mancha N\u00ba 58, 45643, Garciotum, Toledo. Rocar 89 Cont\u00e1ctanos Encu\u00e9ntranos Nuestros trabajos Aviso legal Pol\u00edtica de privacidad<\/p>\n","protected":false},"author":1,"featured_media":0,"parent":0,"menu_order":0,"comment_status":"closed","ping_status":"closed","template":"","meta":{"om_disable_all_campaigns":false,"_mi_skip_tracking":false,"neve_meta_sidebar":"full-width","neve_meta_container":"","neve_meta_enable_content_width":"on","neve_meta_content_width":100,"neve_meta_title_alignment":"","neve_meta_author_avatar":"","neve_post_elements_order":"","neve_meta_disable_header":"","neve_meta_disable_footer":"","neve_meta_disable_title":"","footnotes":""},"class_list":["post-139","page","type-page","status-publish","hentry"],"aioseo_notices":[],"_links":{"self":[{"href":"https:\/\/construccionesrocar89.com\/index.php\/wp-json\/wp\/v2\/pages\/139","targetHints":{"allow":["GET"]}}],"collection":[{"href":"https:\/\/construccionesrocar89.com\/index.php\/wp-json\/wp\/v2\/pages"}],"about":[{"href":"https:\/\/construccionesrocar89.com\/index.php\/wp-json\/wp\/v2\/types\/page"}],"author":[{"embeddable":true,"href":"https:\/\/construccionesrocar89.com\/index.php\/wp-json\/wp\/v2\/users\/1"}],"replies":[{"embeddable":true,"href":"https:\/\/construccionesrocar89.com\/index.php\/wp-json\/wp\/v2\/comments?post=139"}],"version-history":[{"count":5,"href":"https:\/\/construccionesrocar89.com\/index.php\/wp-json\/wp\/v2\/pages\/139\/revisions"}],"predecessor-version":[{"id":317,"href":"https:\/\/construccionesrocar89.com\/index.php\/wp-json\/wp\/v2\/pages\/139\/revisions\/317"}],"wp:attachment":[{"href":"https:\/\/construccionesrocar89.com\/index.php\/wp-json\/wp\/v2\/media?parent=139"}],"curies":[{"name":"wp","href":"https:\/\/api.w.org\/{rel}","templated":true}]}}